et k(o) = o**3 + 9*o**2 + 8*o. Suppose -10*a = 55 + 25. What is k(a)?
0
Let w(o) = 7 - o + o**3 - 7 - 6*o**2 + 9*o - 7. Suppose -2*m = 5*b - 27, -5*m - b = -11 - 68. Let u = m - 11. Determine w(u).
8
Let i(a) = -9*a**2 + 10 + 4 + 7*a + 8*a**2 - 5. What is i(8)?
1
Suppose -3*l + 18 = 3*d, -2*d + 11 = 5*l - 10. Let x(k) be the second derivative of 5*k**3/6 - 2*k**2 + 3*k. Calculate x(l).
11
Let l(r) be the first derivative of -r**4/4 - 4*r**3/3 + r**2/2 + r - 1. Suppose -3*w + 25 = 2*w. Suppose w*i + 12 = 2*i. What is l(i)?
-3
Let b(c) = c + 1. Suppose 0 = 5*p - o - 5, p - 3*o + 2 + 11 = 0. Suppose l - 5*v + 8 = 0, -5*l - 1 = -p*v - 7. Give b(l).
3
Let j(b) = -2*b**3 - 2*b**2 + 2*b + 2. Let x be j(-2). Let s(v) = -9*v**2 - 7*v + 17*v**2 - 7*v**2. Calculate s(x).
-6
Let v(d) = -9*d**3 + 8*d**2 - 8*d + 5. Let j(g) be the first derivative of 3*g**4/4 - g**3 + 3*g**2/2 - 2*g - 7. Let q(o) = 8*j(o) + 3*v(o). What is q(-1)?
2
Let c = 1 + -5. Let m be (-2 - -3)/(-1) - -2. Let q(r) = r**2 - r - 5. Let j(f) = f + 1. Let k(d) = m*q(d) + 6*j(d). Determine k(c).
-3
Let z(m) = -3*m + 8. Let c(j) = j - 3. Let r(p) = -8*c(p) - 3*z(p). Let k be (-1 - -1) + 0/2. What is r(k)?
0
Let x(m) = -15*m - 9 + 5*m + 9*m + m**2. What is x(0)?
-9
Let o(n) be the second derivative of n**3/6 + n**2 - 3*n. Calculate o(-6).
-4
Let h(l) be the second derivative of -l**4/12 + 5*l**3/6 + l**2/2 - 21*l - 2. Let z be (1/1)/((-1)/(-4)). Determine h(z).
5
Let s(i) = 2*i + 3 + 3 - 1 - 2. Let f(t) = -t - 2. Let m be f(4). What is s(m)?
-9
Let n(o) be the first derivative of 2 - 1/3*o**3 - 5*o - 7/2*o**2. Calculate n(-4).
7
Let p(j) = 3*j**2 - 6*j**2 - j**3 + 4*j**2. Let o(r) be the second derivative of r**4/12 + r**3/6 - r. Let v be o(-2). Determine p(v).
-4
Let q(n) = -2*n**2 + 2. Let s(y) = y**3 - 5*y**2 + 4*y. Let o be s(3). Let k = -4 - o. Calculate q(k).
-6
Let x = -12 - -16. Let w(f) = -5*f + 0*f + 3*f + 1. What is w(x)?
-7
Let q(a) = -9*a**3 + 4*a**2 - 3*a - 3. Let y(g) = -g**3 - g**2 + g + 1. Let t(p) = q(p) + 3*y(p). Calculate t(-1).
13
Let d(p) = 2 - 7*p + 6*p - 1 - p. Suppose j = -j. Suppose j + 2 = h + q, -3 = h - 4*q. Determine d(h).
-1
Let n(i) = i - 1. Suppose 3*p + 3*a = -a - 29, 0 = p - 2*a - 7. Calculate n(p).
-4
Let u = -9 + 11. Let n(r) = -r**2 + 3*r**u - 2 - r**2 + 5. Calculate n(0).
3
Let m be (-4)/(-10) - (-138)/30. Suppose -7 - 3 = -2*u + m*o, -u = -4*o - 5. Let r(h) = -h**3 + 4*h**2 + 4*h + 5. What is r(u)?
0
Suppose -4*x - 5 + 13 = 0. Let d(p) = -2*p + 4*p - 2*p + x - 3*p. Calculate d(2).
-4
Let s(f) = -2*f + 8. Let n be 2/(-4) + 1/2. Suppose n*t + 3*t = 18. What is s(t)?
-4
Let w(o) = -3*o - 6. Let n = -5 - -4. Let x be (-3)/(-6)*-4*n. Suppose h = -3 - x. Calculate w(h).
9
Suppose 5*d + 3*k + 15 = 0, 2*k = -2*d - 3*k - 6. Let l = d - -1. Let y(u) = -2*u - 2. Let s be y(l). Let v(j) = 3*j**2 - 3*j + 1. Give v(s).
7
Let z(o) = -o - 15. Let l be 7/(-2)*(-2 + 0). Let h(c) = -2. Let a(r) = -7. Let d(u) = -a(u) + 7*h(u). Let n(j) = l*d(j) - 3*z(j). Determine n(3).
5
Let w(q) = -q**2 + q - 9. Let p = 0 - -2. Suppose 3*h + 4*i = 7*h + 36, -23 = 3*h - p*i. Let t = h + 5. Determine w(t).
-9
Let k(b) be the third derivative of b**5/60 + b**4/12 + b**2. Let c = -15 - -12. Determine k(c).
3
Let t(k) be the second derivative of k**5/20 - k**4/6 - k**3/2 - 2*k**2 + 8*k. Calculate t(3).
-4
Suppose 2*l = 4*l - 16. Suppose -5*w + l = -w. Let q be 7 + 6/w + -4. Let g(n) = -n**2 + 7*n. Give g(q).
6
Let g(k) be the third derivative of k**5/60 - k**3/6 + 2*k**2. What is g(-3)?
8
Let s(x) = -3*x - 3. Let o be 3/(-12) - (-26)/8. Let h(j) = j - 4. Let p be h(0). Let y be (6 - 2)*o/p. Determine s(y).
6
Let i be ((-3)/(-2))/((-9)/(-24)). Let l(a) = 4 + i*a**2 - 3*a**2 - 2 - 1 - 2*a. Determine l(1).
0
Suppose 29 = 3*f + 4*x, 3*x - 32 = -4*f - 5. Let o(j) = 6*j**3 + j**2 - j - j**f + 1 + 2*j**3. Determine o(1).
8
Let r(f) = 2*f**3 + f**2 - 2*f - 1. Suppose 2*y = -0*h + 5*h - 34, -4*h = y - 35. Suppose 0 - h = -a. Suppose 4*n - s + a - 5 = 0, -3*n = 5*s + 31. Give r(n).
-9
Let u(q) = -3*q - 10*q - q**2 - q**3 + 11*q + 1. Give u(-2).
9
Let f(s) = -4*s + 0 + 2*s + 2 - 4. Let w(g) = -3*g - 3. Let x(b) = -7*f(b) + 5*w(b). Give x(-2).
1
Let z(g) = 4*g - 4*g + 5*g - 6*g - 2. Let t be z(-5). Let o(b) = b**3 - 4*b**2 + 5*b - 4. What is o(t)?
2
Let w(n) be the first derivative of n**4/4 + n**3 - 7*n**2/2 - 5*n + 1. Suppose 3*x = -4*d + 4, -36 = 3*x + x - 5*d. What is w(x)?
7
Let v(m) = -m**3 + 6*m**2 - 6*m + 1. Let y(o) = -5*o**3. Suppose 0 = f + 2*f - 9. Suppose f*d = -d - 4. Let p be y(d). Calculate v(p).
-4
Let u = -67 - -66. Let p(m) = 23*m + 1. Determine p(u).
-22
Let x(v) = -v + 1. Let u be 2/(-6) - 228/(-36). What is x(u)?
-5
Suppose 2*d - 70 = 7*d. Let k = d + 19. Let f(b) = -3*b + 5. Determine f(k).
-10
Let y be (-3)/(-1) - 5/1. Let s(c) = -7*c**2 + 5*c - 5. Let d(v) = -3*v**2 + 2*v - 3. Let h(t) = y*s(t) + 5*d(t). What is h(0)?
-5
Let j(a) = a**3 - 5*a**2 + 5*a - 4. Let r(t) = 3*t - 6*t + 4*t - 5. Let s = 4 - -4. Let f be r(s). What is j(f)?
-7
Suppose -5*c + 13 = -2. Let l(r) = 4*r**c - 1 - 3*r - 3*r**3 + 2*r**2 - r**2 - r. Let v = -7 + 4. Determine l(v).
-7
Let r(g) be the first derivative of -g**3/3 + 2*g**2 - 6*g - 1. Let a(l) = 2*l**2 + 13*l + 4. Let q be a(-6). Let b = q - -6. Give r(b).
-6
Let v = 25 + -31. Let t(i) = i**2 + 8*i + 5. Calculate t(v).
-7
Let i be -10 - (1 + 2 + -2). Let k = 15 + i. Let c(o) = 5 - 4 + o**3 - k*o**2 + o**2 - o + 2*o**2. Give c(2).
3
Let m(z) = -10*z**3 - 4*z - 3. Let x(k) = -7*k**3 - 3*k - 2. Let t(v) = 5*m(v) - 7*x(v). Determine t(-2).
5
Let h(y) be the second derivative of -y**4/3 + 2*y**3 + 2*y**2 - y. Let a(r) = 5*r**2 - 13*r - 5. Let i(w) = 5*a(w) + 6*h(w). What is i(-6)?
-7
Let s(f) = -6*f - 1. Suppose -8*w - 6 = -2*w. What is s(w)?
5
Let t(h) be the second derivative of -h**3/6 - 3*h**2/2 + 12*h. Give t(0).
-3
Let i = -19 - -14. Let u(f) = f**3 + 6*f**2 + 3*f - 4. Determine u(i).
6
Let t(o) = 10*o + 9. Let u(n) = 7*n + 6. Let q(d) = 5*t(d) - 7*u(d). What is q(-7)?
-4
Let w(z) = -z**2 - 4*z - 2. Let u = 14 + -8. Let b = -9 + u. Give w(b).
1
Let m be -9*(7/(-3) - -2). Let k(w) be the first derivative of -w**2 + 5*w + 1. Let b(t) = t - 4. Let h(q) = m*b(q) + 2*k(q). What is h(-1)?
-1
Let v be (4/(-8))/(((-3)/(-6))/(-1)). Let k(i) = -15*i - 1. What is k(v)?
-16
Suppose 11 = -2*y + 3*x, -4*y + 0*y - 15 = x. Let u = 4 + y. Let a be -2*(u/(-3) + 1). Let s(k) = 2*k**2 + k - 1. Give s(a).
5
Let k(c) = 4*c - 4. Let h be k(5). Suppose -5 = 3*r + 2*j, 2*r - 6*r + 3*j = -h. Let o(n) = -8*n**3 - n + 1. Give o(r).
-8
Let z(y) = -2*y**3 + y**2. Let r be 7*(-3)/84*-4. Determine z(r).
-1
Let r(y) = 3*y - 3. Let a(b) = b**3 - b**2 + b - 1. Let p(i) = 2*a(i) - r(i). Determine p(2).
7
Suppose 3*a = -1 + 7. Let x(r) = -r. Let s be x(a). Let f(l) be the first derivative of l**4/2 + 4*l**3/3 + l**2 - 2. Determine f(s).
-4
Let t(w) = w**3 - 17*w**2 + 2*w - 35. Let y be t(17). Let q(i) = 4*i - 5*i + 6*i. What is q(y)?
-5
Let a(n) = -5*n**2 + 9*n - 9. Let o(r) = -11*r**2 + 19*r - 19. Let j(q) = 13*a(q) - 6*o(q). Let d = 8 + 0. Let p(z) = -z + 5. Let h be p(d). Give j(h).
-3
Let w(u) be the second derivative of -u**4/12 - 4*u**2 + 27*u. Calculate w(0).
-8
Let a(h) = 4*h**2 - 5*h - h**3 - 3*h**2 - 1 + 9*h - 4*h**2. Give a(-3).
-13
Let w = 18 - 11. Let s(u) = -u**3 + 8*u**2 - 7*u - 1. Determine s(w).
-1
Let l(m) = -1 - 4 - 10 + 1 + m. Calculate l(10).
-4
Let o(u) = -u**3 - 4*u**2 - 4*u - 2. Let r be o(-4). Let b(f) = -2*f - 3. Let h(k) = k + 2. Let g(d) = r*h(d) + 6*b(d). Give g(-7).
-4
Let b(n) be the first derivative of n**3/3 + 3*n**2/2 - 2*n - 3. Let q(j) = -5*j**2 - 4*j - 3. Let i be q(-2). Let l be (12/i)/((-1)/(-5)). Determine b(l).
2
Let m(o) be the first derivative of -o**5/120 - o**4/12 - o**3/3 + 5. Let s(a) be the third derivative of m(a). Let f = 5 + -1. Determine s(f).
-6
Let v(q) = -9*q**2 - 4 + 11*q**2 - 2*q - 3*q + 2*q. What is v(3)?
5
Let w be -3*1/3*1. Let d(m) = -3*m**3 + m**2 + m. Let b be d(w). Let x(f) be the second derivative of f**3/3 - 2*f**2 - 2*f. Determine x(b).
2
Let r(p) = p - 12. Let o(j) = 6. Let m(x) = -7*o(x) - 4*r(x). Determine m(4).
-10
Let r(a) = a + 1. Let d be r(-3). Let z(v) = -v**3 - 8*v**2 + 4*v - 8. Let s(m) = -m**2 + m - 1. L